nd 22599?
93
What is the highest common divisor of 1978 and 344?
86
Calculate the highest common divisor of 210 and 3990.
210
What is the highest common factor of 5 and 55?
5
Calculate the highest common divisor of 208 and 8944.
208
Calculate the highest common divisor of 160 and 416.
32
What is the highest common divisor of 233 and 58949?
233
What is the greatest common divisor of 80 and 275?
5
What is the greatest common factor of 99 and 121?
11
What is the greatest common divisor of 5074 and 590?
118
What is the highest common factor of 4 and 13?
1
Calculate the highest common factor of 38 and 6.
2
What is the highest common divisor of 3856 and 256?
16
What is the greatest common divisor of 58 and 10?
2
What is the highest common factor of 5538 and 78?
78
What is the greatest common divisor of 6 and 2622?
6
Calculate the highest common divisor of 78 and 2158.
26
What is the highest common divisor of 286 and 22?
22
What is the greatest common divisor of 245 and 49?
49
Calculate the highest common divisor of 96 and 40.
8
Calculate the highest common factor of 2825 and 113.
113
Calculate the greatest common factor of 6 and 384.
6
What is the greatest common factor of 1 and 24?
1
Calculate the greatest common divisor of 1326 and 34.
34
What is the highest common factor of 434 and 62?
62
What is the greatest common divisor of 198 and 121?
11
Calculate the greatest common divisor of 38 and 874.
38
What is the highest common divisor of 20 and 640?
20
What is the greatest common factor of 80 and 10?
10
What is the highest common divisor of 561 and 204?
51
Calculate the highest common divisor of 596 and 40.
4
What is the greatest common divisor of 4050 and 19350?
450
Calculate the highest common divisor of 221 and 13.
13
Calculate the greatest common factor of 6528 and 204.
204
Calculate the greatest common divisor of 22192 and 19.
19
Calculate the greatest common factor of 1449 and 273.
21
Calculate the greatest common divisor of 908 and 4.
4
Calculate the highest common divisor of 98 and 28.
14
What is the highest common divisor of 11 and 77?
11
What is the highest common factor of 260 and 65?
65
What is the highest common divisor of 3 and 9?
3
What is the highest common divisor of 315 and 90?
45
What is the highest common factor of 3589 and 37?
37
Calculate the greatest common factor of 2928 and 8.
8
What is the greatest common factor of 224 and 749?
7
What is the highest common factor of 40 and 1390?
10
What is the greatest common divisor of 57 and 3819?
57
Calculate the highest common factor of 84 and 126.
42
Calculate the greatest common divisor of 23 and 391.
23
What is the greatest common factor of 272 and 88?
8
What is the greatest common factor of 162 and 5454?
54
What is the highest common factor of 55 and 1045?
55
What is the highest common divisor of 30 and 132?
6
Calculate the highest common divisor of 62 and 496.
62
Calculate the greatest common divisor of 570 and 342.
114
What is the highest common divisor of 3 and 609?
3
Calculate the greatest common factor of 1785 and 140.
35
Calculate the highest common divisor of 7404 and 36.
12
Calculate the highest common factor of 2650 and 200.
50
Calculate the highest common divisor of 476 and 340.
68
What is the greatest common factor of 7 and 1701?
7
What is the greatest common factor of 44 and 242?
22
What is the highest common divisor of 108 and 72?
36
Calculate the highest common factor of 5 and 15620.
5
What is the highest common factor of 3332 and 1176?
196
Calculate the greatest common factor of 6 and 4434.
6
Calculate the highest common divisor of 57 and 1140.
57
Calculate the highest common divisor of 14 and 14084.
14
Calculate the greatest common divisor of 2865 and 15.
15
What is the highest common divisor of 6 and 96?
6
Calculate the greatest common factor of 1137 and 6.
3
What is the greatest common factor of 21 and 1281?
21
Calculate the highest common divisor of 44 and 18326.
22
What is the highest common divisor of 1485 and 198?
99
What is the highest common factor of 77 and 44?
11
What is the highest common factor of 238 and 2296?
14
Calculate the greatest common divisor of 5 and 5.
5
What is the highest common factor of 55 and 55?
55
What is the greatest common divisor of 6874 and 112?
14
Calculate the greatest common divisor of 43882 and 74.
74
What is the highest common divisor of 33000 and 150?
150
Calculate the greatest common divisor of 2280 and 480.
120
What is the greatest common factor of 188 and 611?
47
What is the highest common divisor of 678 and 12?
6
What is the highest common factor of 80 and 60?
20
What is the greatest common divisor of 1035 and 45?
45
What is the highest common divisor of 12 and 22752?
12
What is the highest common factor of 5694 and 78?
78
Calculate the greatest common factor of 45 and 95.
5
What is the greatest common divisor of 16 and 20?
4
Calculate the highest common divisor of 102 and 85.
17
What is the highest common factor of 938 and 70?
14
What is the greatest common divisor of 297 and 27?
27
What is the greatest common factor of 28 and 49?
7
What is the highest common divisor of 242 and 110?
22
What is the highest common factor of 32 and 8224?
32
Calculate the highest common divisor of 1064 and 8.
8
What is the highest common factor of 7 and 5789?
7
What is the greatest common factor of 1003 and 136?
17
What is the highest common factor of 16 and 1296?
16
Calculate the greatest common divisor of 4128 and 4.
4
Calculate the greatest common divisor of 28 and 182.
14
What is the greatest common factor of 1 and 15404?
1
Calculate the highest common factor of 60 and 940.
20
Calculate the greatest common factor of 104 and 130.
26
What is the highest common factor of 121 and 242?
121
Calculate the greatest common factor of 255 and 408.
51
Calculate the greatest common factor of 59 and 1888.
59
What is the highest common divisor of 584 and 8?
8
Calculate the greatest common factor of 280 and 252.
28
Calculate the highest common factor of 4 and 4516.
4
What is the highest common factor of 2541 and 33?
33
Calculate the greatest common divisor of 88 and 484.
44
What is the greatest common factor of 544 and 289?
17
What is the highest common factor of 26 and 2613?
13
Calculate the greatest common divisor of 12 and 84.
12
Calculate the greatest common factor of 1302 and 7.
7
Calculate the highest common factor of 7084 and 66.
22
What is the highest common factor of 36 and 132?
12
What is the highest common factor of 32 and 20?
4
What is the greatest common factor of 21 and 3171?
21
What is the highest common divisor of 288 and 256?
32
What is the greatest common divisor of 16915 and 85?
85
What is the greatest common divisor of 10 and 70?
10
What is the highest common factor of 14 and 94?
2
Calculate the greatest common divisor of 11237 and 17.
17
Calculate the highest common divisor of 24 and 1088.
8
Calculate the greatest common factor of 189 and 54.
27
What is the greatest common factor of 8 and 1844?
4
What is the greatest common divisor of 40 and 1080?
40
Calculate the highest common divisor of 324 and 51354.
162
What is the highest common divisor of 30 and 54?
6
Calculate the greatest common factor of 63 and 837.
9
Calculate the highest common divisor of 150 and 1150.
50
What is the greatest common factor of 1414 and 14?
14
What is the highest common factor of 6064 and 128?
16
What is the greatest common factor of 49 and 10297?
7
What is the greatest common divisor of 740 and 10?
10
What is the greatest common factor of 6562 and 17?
17
What is the greatest common divisor of 2569 and 7?
7
Calculate the highest common factor of 704 and 99.
11
Calculate the greatest common factor of 10530 and 20.
10
What is the greatest common divisor of 88 and 2792?
8
What is the highest common factor of 6286 and 126?
14
Calculate the highest common divisor of 124 and 465.
31
Calculate the greatest common factor of 749 and 42.
7
Calculate the greatest common factor of 1638 and 42.
42
Calculate the greatest common factor of 8906 and 366.
122
Calculate the greatest common divisor of 23730 and 840.
210
What is the highest common divisor of 413 and 14?
7
What is the greatest common divisor of 70 and 182?
14
What is the greatest common divisor of 260 and 52